 p(7).
7
Let b be (-6)/(0 + -3) - 21. Let t = b + 28. List the prime factors of t.
3
Suppose 0 = 3*x - 0*x - 15. Suppose -2*o = 3*f - 105, 2*f = 3*o + 27 - 165. Suppose x*l = -13 + o. List the prime factors of l.
7
Let n = -4 + 6. Suppose -2*l + d + 28 = 0, -n*l + 2*d + 3 = -21. What are the prime factors of l?
2
Let b = 6 - 3. Suppose 0 = -c, -3*c + 18 = -b*u - 0*c. Let n(j) = -j**3 - 7*j**2 - 7*j - 2. List the prime factors of n(u).
2
Let u(k) = -4*k - 14. Let l(v) = -v**3 - 14*v**2 - 16. Let b be l(-14). List the prime factors of u(b).
2, 5
Let b(x) = -7*x**2 - 5*x + 5. Let i = 0 + -7. Let c(q) = -8*q**2 - 6*q + 5. Let w(o) = i*b(o) + 6*c(o). What are the prime factors of w(4)?
7
Suppose 0*a - 12 = 3*a. Let m(q) = -3*q**2 - 17*q + 20. Let c(t) = -t**2 - 6*t + 7. Let r(y) = a*m(y) + 11*c(y). List the prime factors of r(2).
5
Let q(y) = y**3 - 8*y**2 - 6*y - 10. Suppose -4*v - 4 = o, 2*o - 18 = 4*v + v. Suppose r + o*r - 43 = -2*b, 5*b - 35 = 2*r. List the prime factors of q(b).
17
Let q(a) = 2*a - 7. List the prime factors of q(10).
13
Suppose -4*d = 5*g - 8, d = -4*g - 2*d + 6. Suppose g + 3 = 3*n. Suppose -10 = -v - n. What are the prime factors of v?
3
Let j(d) = 4*d + 4. Let v be j(3). Let x = -6 + v. What are the prime factors of x?
2, 5
Let n = 12 - -7. List the prime factors of n.
19
Let j(c) = -c + 2*c + 0*c**2 + 4*c - c**2. Suppose t + 8 = 3*t. What are the prime factors of j(t)?
2
Suppose -3 = -5*u + 3*s, 5*s - 5 = 5*u - 0*s. Suppose -c = u*c. Suppose c = -5*l + l + 28. List the prime factors of l.
7
Let n = 14 + 80. Suppose 0 = 4*v + 4*m - 78 - 106, -4*m + n = 2*v. Suppose -5*u + v = -0*u. What are the prime factors of u?
3
Let w(u) = u**2 - 7 + u**2 - 35*u + 27*u. List the prime factors of w(7).
5, 7
Suppose 5*b - 4 - 28 = -2*s, -5*b - 115 = -5*s. List the prime factors of s.
3, 7
Let q be ((-12)/4 + 11)*-2. What are the prime factors of (-5)/((12/q)/3)?
2, 5
Let z be -8 + 0 + -2 - -1. What are the prime factors of (8/6)/((-2)/z)?
2, 3
Let u = 59 + -37. Let b = 32 - u. List the prime factors of b.
2, 5
Suppose -5*t + 1 = -5*g - 19, -3*t = 2*g - 2. Suppose -2*m = -2*y - 0*m - 2, -4*m = -t*y + 2. List the prime factors of (y + 6)/(1/2).
2, 3
Suppose 0 = -2*p - 2*r - 18, 33 = -3*p - r - 4*r. Let t = 13 + p. List the prime factors of t.
7
Let v(d) = -25*d**3 + d**2 + 2*d + 1. What are the prime factors of v(-1)?
5
Let h be ((-2)/(-2))/((-1)/(-4)). Suppose -3*q + 2 = -h. Suppose -q*i + 16 = -2*j, 4*i + 0*j - 32 = j. List the prime factors of i.
2
Let r = 73 - 49. Let l = r - 40. Let z = l + 27. List the prime factors of z.
11
Suppose -3*p + 31 = 5*k, 2*k - 5 - 5 = 0. Suppose 2*n = 5*m - 73, 3*m = p*n - 3*n + 35. List the prime factors of m.
13
Let z(d) = -3*d + 4. Let h(a) = -a**3 - 5*a**2 + 3. Let v be h(-5). Let x be z(v). Let u(g) = g**3 + 5*g**2 - 4*g - 4. What are the prime factors of u(x)?
2
Let y(q) = q + 13. List the prime factors of y(-3).
2, 5
Suppose -3*x + 5*n - 1175 = -8*x, -x + n = -239. List the prime factors of x.
3, 79
Suppose 5*v - 69 - 46 = 0. What are the prime factors of v?
23
Suppose 5*k - 3*w - 491 = -0*w, -4*k + w = -397. Suppose -4*a + 88 = -4*l, 0*l + k = 5*a - 3*l. What are the prime factors of a?
17
Let d = -15 - -3. Let b = d - -25. List the prime factors of b.
13
Suppose -4*x - v - 4*v + 96 = 0, x - 3*v = 24. Suppose -u - x = -4*u. Let w(m) = m**2 - 8*m + 12. What are the prime factors of w(u)?
2, 3
Let h(f) = -2*f**3 + f - f. Let m be h(-1). Let x(r) = 2*r**2 + r. What are the prime factors of x(m)?
2, 5
Let q be (-20)/(-6) + 5/(-15). Suppose q*x = 6*x - 33. What are the prime factors of x?
11
Let d(t) = -t. Let y(v) = 4*v + 7. Let q(k) = 5*d(k) + y(k). List the prime factors of q(4).
3
Let l be 2 - 0 - 6/(-2). Let u(t) = -l*t + 5*t**2 + t**3 - t**2 + 2*t**2 - 2*t**3 - 2. List the prime factors of u(4).
2, 5
Let c be 9 + -3 + 6/(-3). Suppose j = 3*j - c. List the prime factors of j.
2
Let w = 28 - 14. Suppose 22 - 6 = -8*f. What are the prime factors of w/(-3 - -3 - f)?
7
Let s(l) = 10*l**2 - 2*l + 1. What are the prime factors of s(-2)?
3, 5
Let i be 0 - 6*(-3)/6. Suppose -i*d + 36 = 3*f - 2*f, 2*d = 2*f - 40. List the prime factors of f.
2, 3
List the prime factors of (3 + -5 - 0)*54/(-4).
3
Let m = 10 - 8. Suppose -q = -o - 44, 0 = -4*q - m*o + 103 + 61. List the prime factors of q.
2, 3, 7
Suppose -16 = 5*d + 29. Let c = d + 13. Suppose 3*l = 5*l - 4*y + c, -3*y - 3 = -3*l. What are the prime factors of l?
2
Let l(y) = y**3 - y + 2. Let f be l(0). Let d be -1 + f/(-4)*-4. What are the prime factors of 7 + (d + -2)*0?
7
Let h(n) = 2*n + 9. Let r be h(-7). What are the prime factors of (6/r)/((-4)/60)?
2, 3
Let i(f) = -f**2 + 15*f - 4. List the prime factors of i(6).
2, 5
Let r = -15 - -25. What are the prime factors of r?
2, 5
Let p be (-30)/9 + (-2)/(-6). Let h be (-1)/p*(3 + 3). Suppose 2*a + a - 2*s - h = 0, -a - 16 = -4*s. List the prime factors of a.
2
Suppose 0 = -5*h - 0 + 10. Suppose -3*r = -15, h*t + 21 = 3*t - r. List the prime factors of t.
2, 13
Let b(a) = -3*a - 7 - 3 + a - a. List the prime factors of b(-8).
2, 7
Let r be (2/(-4))/((-1)/46). Let w = r + -15. Let a = 14 - w. List the prime factors of a.
2, 3
Suppose -5*w = -10*w + 435. List the prime factors of w.
3, 29
Let s(b) = 2*b**2 - 2*b - 26. List the prime factors of s(8).
2, 43
Suppose -3*u - 5*l + 12 = 0, 5*l = -u - 5 - 1. Let i = u + -8. What are the prime factors of ((i - 1) + -1)*-15?
3, 5
Let r be 6/(-8)*(-32)/1. Suppose 3*a - u - 24 = 0, -3*a + 8*u = 4*u - r. List the prime factors of a.
2
Suppose 1 = -2*d + 5. Suppose d*n = -5*b + 20, 1 = n - 5*b + 21. Suppose 5 + n = 5*v, 2*v + 33 = 5*x. What are the prime factors of x?
7
Let l = -177 - -263. List the prime factors of l.
2, 43
Suppose 4*s - 90 = -s. Suppose 2*w = -2*y + s, -w + 6*w = -2*y + 24. List the prime factors of y.
7
Let o = -8 + 11. Suppose -t = -4*f - 5*t + 20, -o*f + 43 = -4*t. What are the prime factors of f?
3
Suppose -i - 3*a + 3 = 0, 3*i - 5 = -0*i - 5*a. Let h = i - -3. What are the prime factors of h?
3
Let n(x) = 5*x**3 - x**2 + 2*x - 1. Let l(d) = -d**3. Let r(q) = -l(q) + n(q). List the prime factors of r(1).
2, 3
Let b(a) = a + 12. Let d be b(-8). Suppose d*q = -0*q. Suppose q = -3*m - 14 + 47. List the prime factors of m.
11
Let w = 107 - 41. List the prime factors of w.
2, 3, 11
Suppose -4*c - 3*w + 20 = 2*w, 3*c - w = -4. Let l = 0 - c. Let i(y) = -y**2 + y + 2. What are the prime factors of i(l)?
2
Let c(g) = g**2 - 5. List the prime factors of c(-5).
2, 5
Let q be (-4 - 4) + 1 + 0. Let r be (-3 - -1) + 14 + q. Let x = r - -5. List the prime factors of x.
2, 5
Let t = 6 + -2. Suppose 2*l + 2 = -4*m + 3*m, 0 = -t*m + 2*l + 42. List the prime factors of m.
2
Let g(d) = 2*d + 1. Let t be g(2). Suppose 14 = -2*l - l + t*v, -3*l + 4*v = 10. Suppose -4*b + 30 + l = 0. List the prime factors of b.
2
Let c = -3 + 5. Let b(a) = 3*a**3 + 3*a**2 - 2*a**c - a - a**3. List the prime factors of b(2).
2, 3
Suppose 4 = -4*q, 42 = w - 5*q - 10. List the prime factors of w.
47
Let n(s) = s**2 + 2*s + 1. Let a be (6/(-4)*2)/(-1). List the prime factors of n(a).
2
Suppose 5 = 4*s - 11, 2*g - 104 = 3*s. What are the prime factors of g?
2, 29
Let t be 2/(-6)*0 + 3. What are the prime factors of 1/(t/(-300)*-4)?
5
Let z = 2 + -2. Let n be (-47)/5 + (-4)/(-10). What are the prime factors of 0 + (z - -1) - n?
2, 5
Suppose 16 = 2*l + 2*l. List the prime factors of l/(-6) - 416/(-12).
2, 17
Let u be (2 - 1) + (-30)/(-3). Let b = u + -9. What are the prime factors of b?
2
Let f(r) = 43*r**2 + 1. List the prime factors of f(1).
2, 11
Suppose 5*l - 20 = 0, -l + 367 = o + 4*l. List the prime factors of o.
347
Suppose 2*o = m + 1, 18 + 7 = -5*m. List the prime factors of (o/(-5))/((-1)/(-35)).
2, 7
Suppose 4*i = 2*i. Let k(n) = -2 + i + 7 - n. What are the prime factors of k(-4)?
3
Let c = 2 - 0. Let t be (-4)/(-6)*6/c. Suppose -t*k - 2 = -3*k. What are the prime factors of k?
2
Suppose 0 = -3*a - 44 - 10. Let i = 48 - 20. Let v = a + i. What are the prime factors of v?
2, 5
Suppose 5 = 2*p + 3*i, -4*p - 2*i = -p. Let o be 0 + (p - -3) + 3. Suppose -q + o*q = 27. List the prime factors of q.
3
Let d = -5 - -6. Let j(m) = -m + 1. Let v(z) = -5*z + 4. Let w(f) = d*v(f) - 2*j(